the hundred thousands digit of 279122?
2
What is the units digit of 500059?
9
What is the ten thousands digit of 8523086?
2
What is the ten thousands digit of 10544978?
4
What is the units digit of 551017?
7
What is the ten millions digit of 12881934?
1
What is the millions digit of 21851763?
1
What is the hundreds digit of 41899?
8
What is the ten millions digit of 10938947?
1
What is the units digit of 47451?
1
What is the hundred thousands digit of 562573?
5
What is the tens digit of 25508?
0
What is the hundreds digit of 4262?
2
What is the tens digit of 142309?
0
What is the ten thousands digit of 1065145?
6
What is the ten thousands digit of 346139?
4
What is the thousands digit of 14431?
4
What is the tens digit of 962189?
8
What is the hundred thousands digit of 16398351?
3
What is the millions digit of 9187859?
9
What is the thousands digit of 1630617?
0
What is the ten thousands digit of 225802?
2
What is the ten thousands digit of 1510564?
1
What is the hundreds digit of 307823?
8
What is the hundreds digit of 482358?
3
What is the tens digit of 653437?
3
What is the ten thousands digit of 1130710?
3
What is the ten thousands digit of 615582?
1
What is the tens digit of 1577138?
3
What is the thousands digit of 266045?
6
What is the units digit of 799006?
6
What is the tens digit of 12778959?
5
What is the thousands digit of 192617?
2
What is the units digit of 1051145?
5
What is the hundreds digit of 81301?
3
What is the thousands digit of 308205?
8
What is the hundreds digit of 331108?
1
What is the millions digit of 19867763?
9
What is the thousands digit of 30352?
0
What is the hundred thousands digit of 1228842?
2
What is the thousands digit of 10423684?
3
What is the ten thousands digit of 422893?
2
What is the tens digit of 145913?
1
What is the hundreds digit of 7016?
0
What is the hundreds digit of 22636889?
8
What is the thousands digit of 2449921?
9
What is the ten thousands digit of 278374?
7
What is the units digit of 2546724?
4
What is the hundred thousands digit of 1395490?
3
What is the thousands digit of 61458?
1
What is the thousands digit of 426471?
6
What is the hundred thousands digit of 3888308?
8
What is the hundreds digit of 1725214?
2
What is the millions digit of 1897514?
1
What is the tens digit of 112785?
8
What is the hundreds digit of 108074?
0
What is the hundreds digit of 1196681?
6
What is the hundred thousands digit of 250762?
2
What is the hundreds digit of 403824?
8
What is the hundreds digit of 698343?
3
What is the thousands digit of 489464?
9
What is the ten millions digit of 13032214?
1
What is the ten thousands digit of 286394?
8
What is the thousands digit of 801749?
1
What is the hundreds digit of 233677?
6
What is the thousands digit of 2659485?
9
What is the ten thousands digit of 31454180?
5
What is the ten thousands digit of 340806?
4
What is the hundred thousands digit of 3750575?
7
What is the ten thousands digit of 27079613?
7
What is the millions digit of 8510156?
8
What is the units digit of 185381?
1
What is the tens digit of 577735?
3
What is the hundred thousands digit of 1167653?
1
What is the tens digit of 1834345?
4
What is the units digit of 863260?
0
What is the units digit of 4006362?
2
What is the hundred thousands digit of 998062?
9
What is the hundred thousands digit of 1126937?
1
What is the tens digit of 314489?
8
What is the units digit of 27008328?
8
What is the hundreds digit of 111692?
6
What is the ten thousands digit of 42405?
4
What is the hundreds digit of 46036?
0
What is the hundreds digit of 3997306?
3
What is the units digit of 70946?
6
What is the ten thousands digit of 335001?
3
What is the hundred thousands digit of 223648?
2
What is the ten thousands digit of 213556?
1
What is the thousands digit of 68934?
8
What is the tens digit of 877886?
8
What is the thousands digit of 438174?
8
What is the hundred thousands digit of 766686?
7
What is the thousands digit of 1188276?
8
What is the tens digit of 510956?
5
What is the ten thousands digit of 125805?
2
What is the hundreds digit of 9827702?
7
What is the millions digit of 5569922?
5
What is the units digit of 1523702?
2
What is the hundred thousands digit of 537826?
5
What is the hundreds digit of 22343?
3
What is the ten thousands digit of 12027940?
2
What is the thousands digit of 135592?
5
What is the thousands digit of 1667043?
7
What is the hundreds digit of 1068514?
5
What is the hundred thousands digit of 194269?
1
What is the units digit of 908024?
4
What is the hundreds digit of 1785655?
6
What is the units digit of 263068?
8
What is the ten thousands digit of 244864?
4
What is the hundreds digit of 228561?
5
What is the millions digit of 4076875?
4
What is the hundreds digit of 32161748?
7
What is the ten thousands digit of 491771?
9
What is the tens digit of 8835930?
3
What is the ten millions digit of 19855056?
1
What is the units digit of 85632?
2
What is the ten thousands digit of 17833418?
3
What is the tens digit of 52191?
9
What is the tens digit of 70135?
3
What is the hundred thousands digit of 160708?
1
What is the units digit of 17655?
5
What is the millions digit of 17071245?
7
What is the units digit of 60934?
4
What is the hundreds digit of 173262?
2
What is the thousands digit of 119084?
9
What is the hundred thousands digit of 989375?
9
What is the ten thousands digit of 663838?
6
What is the millions digit of 7484756?
7
What is the millions digit of 6167701?
6
What is the hundred thousands digit of 2800918?
8
What is the ten thousands digit of 9577331?
7
What is the hundred thousands digit of 1840930?
8
What is the millions digit of 1010426?
1
What is the thousands digit of 2911177?
1
What is the tens digit of 34512392?
9
What is the hundred thousands digit of 218498?
2
What is the hundred thousands digit of 683340?
6
What is the ten thousands digit of 647753?
4
What is the units digit of 40965?
5
What is the tens digit of 1281659?
5
What is the hundred thousands digit of 139048?
1
What is the tens digit of 830411?
1
What is the units digit of 5740?
0
What is the thousands digit of 684120?
4
What is the millions digit of 21971821?
1
What is the hundred thousands digit of 1761022?
7
What is the hundreds digit of 13027836?
8
What is the ten millions digit of 16007145?
1
What is the thousands digit of 157486?
7
What is the hundreds digit of 46057?
0
What is the hundred thousands digit of 27578916?
5
What is the thousands digit of 598941?
8
What is the hundred thousands digit of 1853319?
8
What is the units digit of 5738672?
2
What is the ten thousands digit of 6767348?
6
What is the units digit of 17058459?
9
What is the ten thousands digit of 145006?
4
What is the thousands digit of 6033817?
3
What is the ten thousands digit of 3275616?
7
What is the tens digit of 511624?
2
What is the thousands digit of 1272231?
2
What is the hundred thousands digit of 15965937?
9
What is the hundreds digit of 4493211?
2
What is the millions digit of 4120574?
4
What is the tens digit of 1086866?
6
What is the tens digit of 8590347?
4
What is the millions digit of 5109222?
5
What is the hundred thousands digit of 1184219?
1
What is the units digit of 19541?
1
What is the units digit of 3115804?
4
What is the units digit of 185112?
2
What is the thousands digit of 1943377?
3
What is the hundreds digit of 10125?
1
What is the hundreds digit of 1785356?
3
What is the hundreds digit of 6816247?
2
What is the ten thousands digit of 117322?
1
What is the thousands digit of 2364266?
4
What is the hundreds digit of 1413010?
0
What is the hundred thousands digit of 263122?
2
What is the units digit of 1036253?
3
What is the hundreds digit of 10263942?
9
What is the hundreds digit of 817326?
3
What is the tens digit of 337023?
2
What is the millions digit of 2059683?
2
What is the thousands digit of 4912244?
2
What is the hundred thousands digit of 242430?
2
What is the hundreds digit of 273751?
7
What is the millions digit of 13604030?
3
What is the hundred thousands digit of 6754174?
7
What is the units digit of 2170049?
9
What is the thousands digit of 4024222?
4
What is the units digit of 2281188?
8
What is the millions digit of 7512892?
7
What is the units digit of 480336?
6
What is the hundred